What is the hundreds digit of 299?
2
What is the units digit of 2232?
2
What is the ten thousands digit of 10597?
1
What is the units digit of 22795?
5
What is the units digit of 1877?
7
What is the hundreds digit of 176?
1
What is the thousands digit of 13126?
3
What is the units digit of 2135?
5
What is the units digit of 1901?
1
What is the tens digit of 6436?
3
What is the tens digit of 440?
4
What is the units digit of 3555?
5
What is the units digit of 39457?
7
What is the hundreds digit of 12757?
7
What is the hundreds digit of 1462?
4
What is the thousands digit of 1680?
1
What is the units digit of 18877?
7
What is the thousands digit of 57384?
7
What is the thousands digit of 1717?
1
What is the units digit of 442?
2
What is the thousands digit of 73887?
3
What is the tens digit of 2666?
6
What is the units digit of 4107?
7
What is the tens digit of 8871?
7
What is the hundreds digit of 50527?
5
What is the ten thousands digit of 44431?
4
What is the tens digit of 113?
1
What is the units digit of 16006?
6
What is the ten thousands digit of 99019?
9
What is the tens digit of 2507?
0
What is the thousands digit of 17935?
7
What is the units digit of 3658?
8
What is the tens digit of 96174?
7
What is the tens digit of 3113?
1
What is the hundreds digit of 8075?
0
What is the hundreds digit of 22517?
5
What is the tens digit of 806?
0
What is the units digit of 503?
3
What is the thousands digit of 8275?
8
What is the units digit of 2101?
1
What is the units digit of 22819?
9
What is the tens digit of 105?
0
What is the thousands digit of 3034?
3
What is the thousands digit of 1899?
1
What is the ten thousands digit of 130906?
3
What is the tens digit of 807?
0
What is the tens digit of 5347?
4
What is the hundreds digit of 1958?
9
What is the hundreds digit of 384?
3
What is the units digit of 443?
3
What is the hundreds digit of 746?
7
What is the tens digit of 7970?
7
What is the units digit of 1710?
0
What is the units digit of 7474?
4
What is the units digit of 472?
2
What is the tens digit of 1583?
8
What is the units digit of 250?
0
What is the thousands digit of 11538?
1
What is the thousands digit of 4587?
4
What is the hundreds digit of 1041?
0
What is the thousands digit of 5900?
5
What is the hundreds digit of 13521?
5
What is the ten thousands digit of 24349?
2
What is the hundreds digit of 607?
6
What is the thousands digit of 152780?
2
What is the units digit of 13245?
5
What is the thousands digit of 3664?
3
What is the units digit of 1181?
1
What is the hundreds digit of 58299?
2
What is the hundreds digit of 29421?
4
What is the units digit of 820?
0
What is the ten thousands digit of 20946?
2
What is the tens digit of 52811?
1
What is the thousands digit of 1365?
1
What is the hundreds digit of 3530?
5
What is the hundreds digit of 58254?
2
What is the hundreds digit of 1003?
0
What is the tens digit of 3369?
6
What is the tens digit of 1246?
4
What is the tens digit of 5305?
0
What is the ten thousands digit of 78016?
7
What is the tens digit of 1104?
0
What is the units digit of 461?
1
What is the units digit of 37566?
6
What is the units digit of 13495?
5
What is the hundreds digit of 2320?
3
What is the tens digit of 1887?
8
What is the ten thousands digit of 63156?
6
What is the hundreds digit of 23351?
3
What is the hundreds digit of 7460?
4
What is the tens digit of 3854?
5
What is the tens digit of 34131?
3
What is the thousands digit of 16040?
6
What is the tens digit of 18801?
0
What is the tens digit of 187?
8
What is the units digit of 535?
5
What is the units digit of 1833?
3
What is the units digit of 124?
4
What is the hundreds digit of 839?
8
What is the thousands digit of 3879?
3
What is the units digit of 109488?
8
What is the hundreds digit of 20346?
3
What is the hundreds digit of 39821?
8
What is the units digit of 4037?
7
What is the units digit of 22599?
9
What is the thousands digit of 8723?
8
What is the units digit of 3858?
8
What is the hundreds digit of 1087?
0
What is the hundreds digit of 7534?
5
What is the thousands digit of 36479?
6
What is the hundreds digit of 53816?
8
What is the hundreds digit of 3907?
9
What is the tens digit of 438?
3
What is the thousands digit of 11346?
1
What is the units digit of 3074?
4
What is the tens digit of 38070?
7
What is the thousands digit of 1378?
1
What is the tens digit of 69678?
7
What is the units digit of 1065?
5
What is the tens digit of 8221?
2
What is the hundreds digit of 28536?
5
What is the tens digit of 4387?
8
What is the thousands digit of 6844?
6
What is the tens digit of 61?
6
What is the units digit of 10011?
1
What is the hundreds digit of 50136?
1
What is the units digit of 2737?
7
What is the tens digit of 3998?
9
What is the tens digit of 8360?
6
What is the thousands digit of 34803?
4
What is the units digit of 1806?
6
What is the ten thousands digit of 31538?
3
What is the tens digit of 12526?
2
What is the ten thousands digit of 28231?
2
What is the tens digit of 2957?
5
What is the hundreds digit of 378?
3
What is the thousands digit of 4555?
4
What is the units digit of 1632?
2
What is the thousands digit of 5770?
5
What is the units digit of 1942?
2
What is the units digit of 23?
3
What is the units digit of 2697?
7
What is the tens digit of 1188?
8
What is the thousands digit of 19079?
9
What is the hundreds digit of 399?
3
What is the hundreds digit of 1268?
2
What is the thousands digit of 34622?
4
What is the hundreds digit of 771?
7
What is the hundreds digit of 1202?
2
What is the units digit of 877?
7
What is the thousands digit of 21462?
1
What is the units digit of 12568?
8
What is the thousands digit of 1068?
1
What is the tens digit of 20806?
0
What is the units digit of 6931?
1
What is the units digit of 914?
4
What is the units digit of 5730?
0
What is the units digit of 483?
3
What is the tens digit of 155471?
7
What is the thousands digit of 94415?
4
What is the tens digit of 24197?
9
What is the units digit of 37144?
4
What is the ten thousands digit of 119160?
1
What is the units digit of 1844?
4
What is the thousands digit of 23751?
3
What is the units digit of 2928?
8
What is the tens digit of 899?
9
What is the thousands digit of 11706?
1
What is the thousands digit of 7610?
7
What is the ten thousands digit of 81093?
8
What is the tens digit of 1789?
8
What is the tens digit of 98?
9
What is the hundreds digit of 58189?
1
What is the units digit of 2568?
8
What is the tens digit of 2218?
1
What is the tens digit of 8622?
2
What is the tens digit of 52438?
3
What is the thousands digit of 1722?
1
What is the tens digit of 60?
6
What is the hundreds digit of 19152?
1
What is the tens digit of 4517?
1
What is the thousands digit of 3588?
3
What is the thousands digit of 7046?
7
What is the tens digit of 40915?
1
What is the tens digit of 20203?
0
What is the thousands digit of 69952?
9
What is the hundreds digit of 718?
7
What is the tens digit of 13894?
9
What is the hundreds digit of 24694?
6
What is the units digit of 53?
3
What is the thousands digit of 22799?
2
What is the hundreds digit of 4379?
3
What is the thousands digit of 8101?
8
What is the tens digit of 983?
8
What is the hundreds digit of 38048?
0
What is the tens digit of 38414?
1
What is the tens digit of 543?
4
What is the thousands digit of 85072?
5
What is the units digit of 5677?
7
What is the tens digit of 8080?
8
What is the tens digit of 22771?
7
What is the units digit of 186?
6
What is the hundreds digit of 1153?
1
What is the hundreds digit of 708?
7
What is the units digit of 1131?
1
What is the thousands digit of 12297?
2
What is the units digit of 770?
0
What is the hundreds digit of 31774?
7
What is the units digit of 25954?
4
What is the thousands digit of 45711?
5
What is the ten thousands digit of 25589?
2
What is the hundreds digit of 2088?
0
What is the ten thousands digit of 10409?
1
What is the thousands digit of 38095?
8
What is the thousands digit of 18969?
8
What is the tens digit of 12683?
8
What is the thousands digit of 1457?
1
What is the tens digit of 8478?
7
What is the units digit of 408?
8
What is the tens digit of 3742?
4
What is the hundreds digit of 869?
8
What is the hundreds digit of 918?
9
What 